 + 11532. What is the hundreds digit of v?
7
Let g = -3312 + 5585. What is the units digit of g?
3
Let g = 39411 + -3651. What is the tens digit of g?
6
Let w be -13*(-1 - -48)/(7 + -8). Suppose -167 = 4*r - w. What is the hundreds digit of r - (3 - 0 - 0)?
1
Let d(s) = 13*s**3 - 4*s**2 + 2*s - 4. Let j = 200 + -197. What is the units digit of d(j)?
7
Suppose 1065*z - 2113*z + 1053*z = 62835. What is the thousands digit of z?
2
Let z(a) = 868*a**3 + 83*a**2 - 164*a - 9. What is the units digit of z(2)?
9
Let t = -122 - -120. Let p be 10/t + -6 + 9. What is the tens digit of -25 + 23 + 79 + p/1?
7
Let m = 787 - 792. What is the hundreds digit of (((-768)/(-10) - m) + -4)*5?
3
Let z(o) = -109*o + 3. Suppose 2*s = -f - 9, 3*s + 3*f = 6*f. Let h be (-3 - -1)*s/(-18)*3. What is the units digit of z(h)?
2
Suppose -6*s - 17 = -107. Let i = 21 - s. What is the hundreds digit of (-143)/(-1) + (-13)/(39/i)?
1
Suppose -2602547 - 2514096 = -73*t. What is the hundreds digit of t?
0
Let g = -2356 - -4647. What is the tens digit of g?
9
Let p = 25 - 20. Suppose z = 5*j - 3*z - 9491, -4*j = p*z - 7601. Suppose -3*l + 12*l - j = 0. What is the units digit of l?
1
What is the thousands digit of ((-2)/(-12))/((-2)/(-28716))?
2
Suppose -2*n + 19045 = -w, 2*n = 3*w + 3231 + 15804. What is the hundreds digit of n?
5
Suppose 2*z = -2*a + 52, 2*z - a + 107 = 6*z. Suppose -26*k + z*k = 568. What is the hundreds digit of k?
5
Suppose 3*h - 5*h = 24. Let s = h + 10. What is the tens digit of (s*6)/((-9)/78)?
0
Let r(y) = 269*y + 635. What is the tens digit of r(6)?
4
Suppose -281 = u - 70. What is the hundreds digit of u/1*(3 - (4 + 0))?
2
Suppose -4*m = -4*p - 1704, m - 6*p + 11*p - 390 = 0. What is the tens digit of m?
2
Suppose 5*y + 15*v = 13*v + 84434, -2*v = 3*y - 50662. What is the thousands digit of y?
6
Let f(i) = 11*i + 60. Let h be f(-5). Suppose -3*r - 2*r + 236 = -3*z, r - 64 = -h*z. Suppose -2*k = -13*u + 8*u - r, 0 = 4*u - 4. What is the units digit of k?
7
What is the tens digit of (170/(-3))/((-3)/252)?
6
Let d(r) = 61*r - 42. Let n be d(4). Let u = n - -175. What is the tens digit of u?
7
Let k(m) = 6 + 1 + m - 3 + 11*m - m**3 - 7*m**2. Let n be k(-9). Suppose 5*i = 3*i + n. What is the units digit of i?
9
Let c be (-2)/(((-15)/(-470))/(6/(-8))). Suppose 8*g = 33 + c. Suppose 4*n - 178 = -2*v, -13*n + 15 = -g*n. What is the tens digit of v?
7
Suppose 43*c + 10725 - 943413 = -29*c. What is the thousands digit of c?
2
Let q = 55 - -384. Let d = q + 328. What is the hundreds digit of d?
7
Let d(a) = a + 24. Let x be d(-20). Suppose 0 = x*l, 5*u - l + 5*l - 305 = 0. Let f = u + -22. What is the units digit of f?
9
Let y(n) = 2*n**2 + 6*n - 41. Let u be y(-6). Let k(d) = 20 - 4*d + 0*d - 4*d + 4*d. What is the units digit of k(u)?
0
Suppose 4*s + 491*p = 495*p + 58100, -s = 5*p - 14525. What is the tens digit of s?
2
Let u(j) = 590*j - 5160. What is the units digit of u(78)?
0
Suppose -14*g = 6*g - 216492 - 110188. What is the tens digit of g?
3
What is the tens digit of 12/(-4) - (5 + -609)*32?
2
Let x(t) = -t**3 - 11*t**2 - 11*t - 14. Let k be x(-10). Let i be (-4)/k + 22*3. Let w = 157 - i. What is the tens digit of w?
9
Let d(q) = 2*q + 45. Suppose -s - 5*i - 29 = 12, 0 = 3*s + 3*i + 75. Let k be d(s). What is the units digit of (-4)/18 - (k - 492/27)?
5
Let b be 9/(-2)*(-3 - 44/(-12)). Let h be b/(1/(-3 - -2)). Let p(o) = -o**3 + 5*o**2 - 3*o - 2. What is the units digit of p(h)?
7
Suppose 3*v = 2*v - 6, -3*v = -2*l + 30052. What is the units digit of l?
7
Suppose -7*m - 238 = 441. Let f = 252 + m. What is the hundreds digit of f?
1
Let k = 205 + -154. Suppose -1165 = -53*b + k*b + 3*x, -1751 = -3*b + x. What is the hundreds digit of b?
5
Let j = -11 - -19. Let x(z) = -z + 9. Let y be x(j). What is the units digit of (-13 + y)*77/(-22)?
2
Suppose -5247 = 41*c - 50*c. Let m = -341 + c. What is the tens digit of m?
4
What is the thousands digit of ((-32)/48*2)/(2/(-1884))?
1
Let p(z) = z**2 + z. Let r(x) = -149*x**2 + 11*x + 25. Let s(y) = -2*p(y) - r(y). What is the hundreds digit of s(-2)?
5
What is the hundreds digit of (24/32*-48)/(-2 - 186/(-94))?
6
Let k = 457 + -67. What is the tens digit of 542568/k - -1*(-2)/10?
9
Suppose 2*c - 2*h = 2052, -3*c - 11*h + 3074 = -15*h. Suppose 5*o + 6*t - t - 1040 = 0, 5*o - c = 5*t. What is the units digit of o?
7
Let z = 4357 - -2682. What is the thousands digit of z?
7
What is the ten thousands digit of (-12 - (-8 - -65418))*((-12)/8 - -1)?
3
Let b(d) = d**3 + 2*d**2 - 7*d + 10. Let r be b(3). Suppose 2*v - 3*p - 85 = 0, 3*p - 21 = -2*v + r. Suppose 32*o = v*o - 24. What is the units digit of o?
8
Suppose -10*p - 127*p - 147122 = -871852. What is the units digit of p?
0
Let v = -18 + 21. Suppose -4*a = -v*l - 24 + 4, 2*a + l = 0. Suppose -3*g + 158 = a. What is the tens digit of g?
5
Let b(q) = -q**3 + 10*q**2 - 9*q - 5. Let p be b(9). What is the hundreds digit of (-37 - -27)*311/p?
6
Let h(s) = -13*s - 25. Let f be h(-25). Suppose 306*m - 1374 = f*m. What is the units digit of m?
9
Suppose 2 = -3*f + 4*f + 3*v, 0 = -4*f - 5*v - 6. Let u be (-3)/21 + ((-2298)/(-14) - f). Suppose -w - u = -k + w, 2 = w. What is the units digit of k?
2
What is the ten thousands digit of (-167038)/(-15) + (77/15 - 5) + -5?
1
Suppose 3*j - 1522 = 5*l, 0 = -4*j - 92*l + 91*l + 2060. Let w be 1/4 + (-3411)/12. Let t = w + j. What is the tens digit of t?
3
Suppose 0 = -2*w + 1 + 7. Suppose 3*z + 874 = 2*n + w*z, 4*z + 894 = 2*n. Suppose 0 = -11*u + n + 1145. What is the tens digit of u?
4
Suppose 0 = -j + 4*a, -2*j = 27*a - 28*a. Suppose -5*u = -5*o - j*u + 3705, -2223 = -3*o + u. What is the hundreds digit of o?
7
Suppose 0 = 2209*a - 2198*a - 94677. What is the tens digit of a?
0
Let i be (3 - 2)/((-42)/45 + 1). Let q(h) = -h**3 + 15*h**2 - h + 30. Let m be q(i). What is the tens digit of (-31)/((-5)/(m/(-8)) + -3)?
9
Let r = 41 + -47. Let p be (8/r)/(10/(-15)). Suppose 2*z = p*t + 5*z - 145, -4*z - 280 = -4*t. What is the units digit of t?
1
Suppose -140*i - 4*s = -145*i + 55167, -4*s = 3*i - 33081. What is the hundreds digit of i?
0
Let i be (-30)/(0 + 6) - 665. Let k = i - -1179. What is the units digit of k?
9
Let x be ((-16)/(-4))/(-3 - (-25)/10). Let s(z) = 2*z**2 + 14*z - 4. What is the units digit of s(x)?
2
Let a(n) = 6*n**2 + 15*n - 35. Let m be 2/(-30)*-5 + (-28)/3. What is the tens digit of a(m)?
1
Suppose -1560744 = -247*w - 140*w + 69*w. What is the thousands digit of w?
4
Let j = 1099 - -42. What is the hundreds digit of j?
1
Let b(s) = s**2 + 2*s - 8. Let q be b(-4). Let t be 0 + q/2 - (-38 - -22). Let o = t - -39. What is the units digit of o?
5
Suppose 2*t + 2*l - 12570 = 0, -2*t - 5*l + 4477 + 8108 = 0. What is the units digit of t?
0
Let l = 224 + -350. Let o = l - -237. Let d = -51 + o. What is the units digit of d?
0
Suppose -3*v = 2*q - 0*q, -4*q + 8 = 2*v. Suppose c + 69 = q*m + m, 3*m = -5*c + 23. Suppose 1023 = -m*a + 3007. What is the units digit of a?
4
Suppose -4*z - b - 14 = 0, -4*b + 18 = -5*z - 5*b. What is the units digit of (-50)/(z/(-16) - (-15)/(-20))?
0
Suppose -5*a + 8*a + 5*m - 38597 = 0, -2*a + 5*m = -25698. What is the hundreds digit of a?
8
What is the units digit of 1024670/22 + (-817)/(-8987)?
6
Let q = 4551 + -2619. Let v be (-2 + 1)*q/(-12). Suppose -3*o = -v - 367. What is the units digit of o?
6
Let w(g) = -g**3 - 15*g**2 + 16*g + 13. Let t be w(-16). Suppose -22 = -2*q + t*q. Let d(j) = -32*j**3 - 2*j**2 + 4*j + 5. What is the units digit of d(q)?
5
Suppose -16*n = 30235 - 110315. What is the units digit of n?
5
Let t = -3412 - -11790. What is the units digit of t?
8
Let j(x) = -22*x - 71. Let z be j(-4). Suppose z*y = 13*y + 2492. What is the hundreds digit of y?
6
Let l(q) = -18*q - 83. Let d be l(-5). Suppose 3*r - 4*v + 516 = d*r, 2*r + 5*v - 249 = 0. What is the units digit of r?
2
What is the hundreds digit of (-8)/((-47)/(-354) + 18/(-108))?
2
Suppose -273642 = 55343*b - 55363*b - 75442. What is the tens digit of b?
1
What is the thousands digit of 62/8 + (-11)/(-44) - -9757?
9
Let i(w) = w**2 + 15*w - 4. Let o be i(-13). Let z = 198 - o. What is the tens digit of z?
2
Let d be (-4 - -2 - -5)*-1 - -448. Let w = 986 - d. What is the hundreds digit of w?
5
Suppose -29*x + 2